(w) = -2*w**2 + w**3 - 6*w**2 + 3*w + 5*w**q. What is the remainder when 16 is divided by l(3)?
7
Let f(i) = i**3 + 15*i**2 + 1. Let w be -1*(0 - 0)/(-3). Let n = w - -3. What is the remainder when n is divided by f(-15)?
0
Let m = 24 + -13. Suppose g = 2*g - m. What is the remainder when 41 is divided by g?
8
Let l = 3 - -9. What is the remainder when 23 is divided by l?
11
Suppose 0 = 4*x - 35 - 41. Calculate the remainder when x is divided by (-10)/(-6)*(9 + -3).
9
Let r(w) = w**3 + 3*w**2 - 3*w - 2. Let v be (8/(-12))/(4/(-18)). Suppose 4*d - 4 = v*d. What is the remainder when r(-3) is divided by d?
3
Let j be (1 + -15*4)*-1. Let d = 82 - j. Let w = -16 + d. What is the remainder when w is divided by 4?
3
Let b = 36 + -23. Let u = 61 - 23. What is the remainder when u is divided by b?
12
Suppose 5*b - 346 = 34. Calculate the remainder when b is divided by 13.
11
Let r be (-21)/(-9)*(0 + 3). Let j = 5 + r. Calculate the remainder when 22 is divided by j.
10
Let l = 0 - 1. Let o = l + 3. Calculate the remainder when (2 + -12)/(o/(-7)) is divided by 12.
11
Let z = 51 - 41. Calculate the remainder when 27 is divided by z.
7
Suppose -3*k = 1 - 28. Let t = 45 - 30. Calculate the remainder when t is divided by k.
6
Let v(g) = -g**3 + 9*g**2 + 10*g + 9. Suppose 4*j + 8 + 16 = 2*o, 5*o = -5*j + 45. What is the remainder when v(o) is divided by 6?
3
Suppose 7 = 2*l - 11. What is the remainder when 25 is divided by l?
7
Suppose -2*b - 14 = 10. Let m = -8 - b. What is the remainder when m is divided by 3?
1
Suppose -z - 2*p - 6 = -4*p, 41 = 4*z + 5*p. Calculate the remainder when 10 is divided by z.
2
Let v = 17 - 6. Let z = 0 - -1. Calculate the remainder when z is divided by v/9 - (-2)/(-9).
0
Let t(n) = -4*n + 7. Let x(b) = b**3 - 7*b**2 + 7*b - 6. Let l be x(6). Calculate the remainder when t(-5) is divided by 7 + (l - -3)*1.
7
Let b = 24 + -9. Suppose -4*r + 2*v = -222, 4*r = -v + 5*v + 212. What is the remainder when r is divided by b?
13
Let h be (-2)/7 - 6/(-21). Suppose h*l = l + u - 31, -2*u + 30 = l. Let x = 7 - -4. Calculate the remainder when l is divided by x.
10
Suppose -2*x = -4*w + 8 + 8, -2*x = 4*w - 32. Let p = 187 - 164. What is the remainder when p is divided by w?
5
Suppose 0 = -r + 4. Let l(h) = 3*h - 5. Let d be l(4). Let z = d + -4. What is the remainder when r is divided by z?
1
Suppose 0 = 3*g + 5*u - 55, 2*u - u + 35 = 4*g. Suppose 0 = -3*t + 116 + 58. Suppose 3*j - t = j. What is the remainder when j is divided by g?
9
Let f be -2*(-3)/(-6) + 3. Suppose 3*i - 120 = -4*h, 3*h - f*h - 45 = 3*i. Calculate the remainder when h is divided by 17.
16
Let y(q) be the third derivative of -2*q**2 + 17/24*q**4 + 0*q - 1/6*q**3 + 0. Calculate the remainder when y(1) is divided by 6.
4
Suppose 6 = -2*y, y = -9*x + 4*x + 27. Let t = 9 - x. Suppose -5*g + 35 = 4*m, -t*m = -m + 5*g - 25. Calculate the remainder when 14 is divided by m.
4
Suppose 0 = 6*f - 156 + 6. What is the remainder when 48 is divided by f?
23
Suppose -61 - 99 = -4*q. Calculate the remainder when q is divided by 11.
7
Let g = 27 - 21. Let o(b) = b + 67. Let m be o(0). Suppose m = 5*n + 3*r, r = 3*n - 9 - 20. What is the remainder when n is divided by g?
5
Let p(v) = -v - 2. Let m be p(-5). Suppose -4*n + m*n + 39 = 0. Calculate the remainder when n is divided by 10.
9
Suppose 10 = l + 2*u, 40 = 4*l + 4*u - 2*u. Let g = -7 + l. Suppose 2*o - 10 = -3*h, -4*o + g*h = -0*o - 56. Calculate the remainder when o is divided by 3.
2
Suppose 2*n + 8 = -2*p - 0*n, 0 = -2*p - 4*n - 16. Suppose p*y = x + 3*y - 3, 5*x - 2*y = -19. Calculate the remainder when 6*(-1 + x/(-2)) is divided by 2.
1
Let z(i) = -4 + 10*i - 2*i + 13*i - 6*i. What is the remainder when z(4) is divided by 19?
18
Let a = 107 + -68. Calculate the remainder when 77 is divided by a.
38
What is the remainder when ((-6)/(-4))/(((-33)/4)/(-11)) is divided by 2?
0
Calculate the remainder when 229/11 - 4/(-22) is divided by 8.
5
Let p be 24/(-16) - 34/(-4). Let h = 14 + p. Suppose t = -7 + 18. What is the remainder when h is divided by t?
10
Let w = 4 + 2. Let l(g) = g**2 - 5*g - 3. Let v be l(w). Calculate the remainder when 1 is divided by (v + -2)*3/3.
0
Let n(w) = 54*w**2 - 1. Calculate the remainder when n(1) is divided by 27.
26
Let b(i) = 16*i**3 - i**2 - i + 2. Let f be b(2). Let a = f - 83. What is the remainder when a is divided by 14?
13
Let q(o) be the second derivative of 2*o**3/3 - o. Let v be q(1). Suppose 4*u + v*d + 24 = 5*u, u = -4*d - 8. What is the remainder when 22 is divided by u?
6
Let c(t) = t**2 + 14*t - 9. What is the remainder when c(-15) is divided by 2?
0
Let t = -8 + 10. Suppose 4*g = 4*q + 44, 0*g - 31 = -3*g + 5*q. What is the remainder when 14 is divided by (t/(-3))/((-2)/g)?
2
Suppose 5*n - 19 + 4 = -2*j, 4*j = -n - 15. Suppose -2*t + n = -3. Let q(s) = -9*s**3 - 2*s - 1. Calculate the remainder when q(-1) is divided by t.
2
Let n = -11 - -16. Let f(x) = 20*x**3 - x. What is the remainder when f(1) is divided by n?
4
Let p(i) = -i**2 - 8*i + 4. Let r be p(-6). Let b = 23 - r. Calculate the remainder when 20 is divided by b.
6
Let v(c) be the third derivative of -c**6/24 + c**5/60 - c**3/6 - c**2. Suppose 13 = 3*u - 11. What is the remainder when u is divided by v(-1)?
3
Suppose -5*n - 16 = -4*b, 3*n + 4 = -4*b - 12. Let d(j) = 2*j**2 + 6*j + 1. Let a be d(n). Let z = 17 - a. Calculate the remainder when 22 is divided by z.
6
Let d(i) = i + 4. Let x be d(-5). Let g be 1*x + 24/4. Suppose -5*p + 4*j - g*j = -82, p - 4*j - 8 = 0. Calculate the remainder when 30 is divided by p.
14
What is the remainder when 21 is divided by 0 - -1 - 15/(-5)?
1
Let o(u) = u**2 + 3*u - 12. Let a be o(-7). Suppose -5*m = 4*p - 21, 0 = 3*m + p - 2*p - a. What is the remainder when 24 is divided by m?
4
What is the remainder when (0 + 1 - -1)*2 is divided by 1?
0
Let j = 100 - 68. What is the remainder when j is divided by 9?
5
Let l = -14 - -20. Calculate the remainder when l is divided by 3.
0
Let k be 6/5*110/(-33). Let z be (-6)/(-1)*(2 - 1). Let a = z + k. Calculate the remainder when 2 is divided by a.
0
Let q(s) = 52*s**2 + s - 2. Let x(m) = 4*m - 2. What is the remainder when q(1) is divided by x(5)?
15
Calculate the remainder when 62 is divided by 3/(4/(-136)*-6).
11
Let k = -213 + 256. Let r = -3 + 18. Calculate the remainder when k is divided by r.
13
Let k(h) = 6*h**2 - 5*h - 1. Let v be k(-4). Let l = v - 59. Suppose 0 = -4*s + 92 + l. What is the remainder when s is divided by 13?
11
Let w = -3 - -2. Let c = 4 + w. Suppose -c*h - 2*h + 75 = 0. Calculate the remainder when 43 is divided by h.
13
Let z be -61*2/(-4)*2. Let k = z - 38. Let l = 12 + 0. Calculate the remainder when k is divided by l.
11
Let o = 73 - 39. What is the remainder when o is divided by 12?
10
Suppose -6*q + 706 - 106 = 0. What is the remainder when q is divided by 17?
15
Let u(a) = 0*a - 4*a**2 - 2*a**3 - 2*a - 4 - 3*a. What is the remainder when u(-3) is divided by ((-5)/3)/(2/(-12))?
9
What is the remainder when 58 is divided by ((-21)/(-14))/((-6)/(-80))?
18
Let m = 11 - 7. What is the remainder when 14 is divided by m?
2
Suppose 0*m - 4 = m. Let s(i) = 2*i**2 - 8*i - 5. Calculate the remainder when (-1)/(-2) + (-146)/m is divided by s(6).
18
Let i = -16 + 9. Let u(t) = -t**3 - 7*t**2 - t + 5. What is the remainder when u(i) is divided by 7?
5
Suppose 31*k - 24*k - 196 = 0. Calculate the remainder when k is divided by 7.
0
Let g = -4 - -15. Let c be (4/(-3))/(6/(-9)). Suppose -c*j = -74 + 10. What is the remainder when j is divided by g?
10
Let y(m) = -m**3 + 4*m**2 + 3*m + 8. Let i be y(4). Suppose 0 = 5*s - i, -2*g - s + 2*s = -144. What is the remainder when g is divided by 25?
24
Let g(w) = -w**3 + 4*w + 1. Suppose -s = -3*s - 10. Let f = s + 2. What is the remainder when g(f) is divided by 6?
4
Let b be (2 + (0 - 1))/1. Let g = 6 - b. Calculate the remainder when 17 is divided by g.
2
Suppose o + 12 = j + 2*j, 80 = -4*o - 4*j. Let q(m) = -2*m - 27. Calculate the remainder when 16 is divided by q(o).
7
Let u(q) = q**3 - 8*q**2 - 8*q - 5. Calculate the remainder when 11 is divided by u(9).
3
Suppose 0 = -2*c - 8, -2*c = 2*v - 0*c + 2. Let j be ((-1 + 5)*1)/2. What is the remainder when (-60)/(-14) - j/7 is divid